*l = -t - 52, -2*l + 42 = -3*t - 2. Suppose 80 - 458 = -42*r. What is the remainder when l is divided by r?
7
Suppose 2*o - 3*o + 4 = 0. What is the remainder when (248/32)/((-1)/(-8)) is divided by (-46)/(-3) - o/(-6)?
14
Let g = -171 + 211. What is the remainder when 238 is divided by g?
38
Suppose -7*g = 11*g - 36. What is the remainder when g is divided by 1?
0
Calculate the remainder when 14 is divided by (-99)/231 - 38/(-7).
4
Calculate the remainder when 61 is divided by (6/(-8))/((-16)/448).
19
Let h(w) = w**2 - 8*w + 3. Suppose -3*z = -18 - 6. Let a be h(z). Suppose a*j - 2*x = 28, 1 - 3 = x. Calculate the remainder when 30 is divided by j.
6
Suppose -o = -22*r + 21*r + 19, 3*o - 63 = -5*r. What is the remainder when 1031 is divided by r?
11
Suppose -4*u = -3*u - 3. Calculate the remainder when (-228)/(-6) - (2 - u) is divided by 14.
11
Let d(v) = -7*v + 193. Calculate the remainder when 7 is divided by d(27).
3
Let s = -10 + 15. Suppose -5*t + 22*t = 187. Calculate the remainder when t is divided by s.
1
Let y be (-15)/(-30) + (-26)/(-4). Suppose -y*m + 9*m = 78. What is the remainder when 155 is divided by m?
38
Calculate the remainder when (0 + 0 - 548/(-16))*4 is divided by 26.
7
Suppose -14*l + 70 = -12*l. Calculate the remainder when 618/(-18)*(-4 + 1) is divided by l.
33
Suppose -22*a - 566 = -38. Let x = -14 - a. Calculate the remainder when 78 is divided by x.
8
Suppose 33*u + 10*u - 1806 = 0. Calculate the remainder when 251 is divided by u.
41
Let k(a) be the first derivative of -a**4/2 - 7*a**3/3 + 13*a + 30. Calculate the remainder when k(-5) is divided by 15.
13
Suppose 4*p = 2*p + 94. Suppose 5*r + 7*r - 1668 = 0. What is the remainder when r is divided by p?
45
Let y(p) = -p + 6. What is the remainder when 97 is divided by y(-11)?
12
Let c = 446 - 378. What is the remainder when 173 is divided by c?
37
Let n(k) = -11 - 5 + 7 - 11 - 25*k. What is the remainder when n(-7) is divided by 40?
35
Suppose 11 = -4*s + 27. Suppose -5*t = x - 5 - 59, t + s = 4*x. Calculate the remainder when 58 is divided by t.
10
Let o(y) = y**2 + 42*y - 13. Let m be o(-15). Let s(l) = -90*l**3. Calculate the remainder when s(-1) is divided by (-26)/117 - m/18.
21
Let x = -27 + 96. What is the remainder when x is divided by ((-3)/(-9))/(10/420)?
13
Suppose 0 = 7*o - 2*o - 825. Let g be (-2)/((-50)/o)*15. Suppose -g = -4*a - n, -3*n = a + 4*a - 115. Calculate the remainder when 101 is divided by a.
23
Let o(y) = -3 - 4 + y**3 + 4*y + 2 - 5 + 8*y**2. Let i be (-63)/6*(-2)/(-3). Calculate the remainder when 40 is divided by o(i).
7
Suppose u - 4*d = 4*u - 61, -4*d = u - 23. What is the remainder when 34 is divided by u?
15
Suppose 0 = 170*g - 175*g + 25. What is the remainder when 25 is divided by g?
0
Suppose -528 - 8 = -8*o. Calculate the remainder when 204 is divided by o.
3
Let q(u) = 3*u**2 + 1. Let s be q(1). Suppose 4*f - s*d + 33 = -43, 13 = -f + 4*d. Let a = f + 27. Calculate the remainder when 17 is divided by a.
5
Calculate the remainder when 49 - (148/259 + 17/7) is divided by 27*(1 + 0 - 0).
19
Let k = 489 + -332. Calculate the remainder when k is divided by 32.
29
Let v(c) = c. Suppose 0*y - 2*y = -8. Let h be v(y). Suppose p = 23 - h. What is the remainder when p is divided by 4?
3
Let d = 0 + 6. Suppose -z - 10 = -2*h - 6*z, 0 = 2*z. Suppose -u + 1 = 0, -h*x - 2*u + 53 = u. Calculate the remainder when x is divided by d.
4
Let m(t) = -t**3 - 6*t**2 - 2*t. Let z be (-6)/(-1 + (-1)/2). Suppose -14 = -2*g + z*s, 2*g - 4*s = s + 15. What is the remainder when m(-6) is divided by g?
2
What is the remainder when 43 is divided by (-2)/5 - ((-1344)/15)/4?
21
Let u(b) = b**3 - 9*b**2 + 10*b - 5. Let n be u(8). Let r = n - -2. What is the remainder when 3/(((-42)/(-76))/7) is divided by r?
12
Suppose -4*v + r + 1339 = 0, -2*r + 4 + 6 = 0. Suppose -7*p = 7*p - v. Calculate the remainder when 44 is divided by p.
20
Suppose -14*a - 216 = -26*a. Calculate the remainder when a is divided by 8.
2
Calculate the remainder when (-1)/3 + (-4352)/(-51) is divided by 24.
13
Suppose -5*h = 5*x - 310, -h - h = 4*x - 248. Calculate the remainder when 118 is divided by x.
56
Suppose 0*r + 5*t = 5*r - 815, 494 = 3*r + 2*t. What is the remainder when r is divided by 36?
20
Let p(z) = 4*z**2 + 13*z. Let o = 53 + 47. What is the remainder when o is divided by p(-5)?
30
Suppose -9*s - 25 = -4*s. Let p = s - -15. Calculate the remainder when 57 is divided by p.
7
Calculate the remainder when -49*(6 + -3)*(7 - 8) is divided by 15.
12
Suppose -5*t = 10 - 120. Let q = t + -19. What is the remainder when 14 is divided by q?
2
Let l(g) = 3*g**2 + 1 + 6*g**2 + 5*g**2. Suppose -2*m = 2*i + 3*m - 2, 0 = 5*m. What is the remainder when 43 is divided by l(i)?
13
Suppose q = 93 - 19. Let u = -460 + 488. Calculate the remainder when q is divided by u.
18
Suppose -2*q = -5*q + x + 104, 2*x = q - 43. What is the remainder when 105 is divided by q?
6
Suppose -b = 4*i + 21, 3*i - 5*b = -10 - 0. Let l = 38 + i. What is the remainder when l is divided by 9?
6
Let q(z) = -6*z + 16. Suppose -27 = 4*h - 3. Suppose -3*r + 5 + 22 = 0. Calculate the remainder when q(h) is divided by r.
7
Suppose -2*t - 2*g + 18 = 0, 33 = t + 4*t + 2*g. Calculate the remainder when 30 is divided by (8/t)/((-4)/(-30)).
6
Suppose 0 = 10*f - 242 - 8. Calculate the remainder when f is divided by 1.
0
Let z(b) = 4*b**3 - b**2 - 1. Let w = 165 + -142. Suppose 5*g - 15 = -y, y = -3*g + 2*g + w. What is the remainder when z(3) is divided by y?
23
Let d be (-3 - (1 + -1)) + 100. Let v(p) = -p**3 + 7*p**2 + 10*p - 11. Let t be v(8). Suppose 27 = -t*m + d. What is the remainder when 41 is divided by m?
13
Let b = 94 - 81. Let h(s) = s**3 - 13*s**2 + s + 16. Let k = 3 + 5. What is the remainder when h(b) is divided by k?
5
Suppose 6*z + 165 = 5*a + 10*z, 0 = 4*a - 4*z - 132. What is the remainder when 317 is divided by a?
20
Let a = 69 - -7. Calculate the remainder when 151 is divided by a.
75
Let z = 169 + -66. Calculate the remainder when z is divided by 2/(-10) - 2508/(-165).
13
Let o(u) = -3*u + 110. What is the remainder when 234 is divided by o(10)?
74
Suppose 2 = -5*x + 87. Let i(y) = y**2 + y. Let l be i(0). Suppose b = 3*n + 11 + 36, l = 5*b + 2*n - 252. Calculate the remainder when b is divided by x.
16
Suppose 2*y = 3 + 53. Suppose -3*u - 10 = -y. What is the remainder when u is divided by -2 - (1 - 3) - -3?
0
Let d(x) = x**2 - 9*x - 6. Calculate the remainder when d(11) is divided by 2.
0
Suppose 7*l - 4*g - 51 = 2*l, -30 = -2*l + 4*g. Calculate the remainder when 68 is divided by 0 + (2/l - (-636)/28).
22
Suppose -16*t = -49 - 895. Calculate the remainder when 469 is divided by t.
56
Let l be 6/(-8)*(-16)/4. Suppose l*p + 3*h = 63, 4*p = -0*p - 5*h + 88. Calculate the remainder when 83 is divided by p.
15
Let n(u) = 10*u**2 + 86*u - 21. What is the remainder when n(-10) is divided by 20?
19
Suppose 54 + 70 = 3*r + 2*d, 4*r - 5*d = 173. What is the remainder when 196 is divided by r?
28
What is the remainder when 371 is divided by 1616/26 - (-18)/(-117)?
61
Suppose -4*s - 135 = -13*s. Suppose 15 = 5*r, -2*r = 4*u + r - 33. Suppose 2*a - 5*k = 56, u*k - 140 = -5*a + k. Calculate the remainder when a is divided by s.
13
Let h = 283 + -61. Calculate the remainder when h is divided by 25.
22
Let p = 136 + -73. Suppose p = -12*t + 255. What is the remainder when 63 is divided by t?
15
Let i(f) = 10*f + 2*f - 37 - 3. What is the remainder when i(12) is divided by 35?
34
Suppose -2*x = -2*z - 64, 4*x + z - 81 = 32. Suppose 3*w + 7 = 2*w - 4*l, -3*w + l + 5 = 0. Calculate the remainder when x is divided by (5 - w) + -3 - 5*-3.
13
Let w(m) = -m**3 + 13*m**2 + 3. Let k be w(13). Suppose 0 = -3*z + k*q - 3 + 15, 0 = -2*z - 3*q + 33. Calculate the remainder when 17 is divided by z.
8
Suppose 0 = 5*d + 3*d - 24. Suppose -4*c + d*q = 8*q - 100, c = 3*q + 42. What is the remainder when 87 is divided by c?
27
What is the remainder when 295 is divided by 4 - (-8 + 2) - -80?
25
Let z = 11 - 7. Suppose 3*b + 4*d = 168 + 9, -2*b = -z*d - 118. Suppose 2*k + 6 = 0, -2*v = -3*v + 5*k + 27. What is the remainder when b is divided by v?
11
Suppose -3*l = -2*f + 201 + 795, -l - 1480 = -3*f. What is the remainder when f is di